{"entities":{"Q8879":{"pageid":8647,"ns":120,"title":"Item:Q8879","lastrevid":561629,"modified":"2026-01-14T17:48:04Z","type":"item","id":"Q8879","labels":{"en":{"language":"en","value":"National Theatre of Strasbourg [Strasbourg]"},"en-gb":{"language":"en-gb","value":"National Theatre of Strasbourg"}},"descriptions":{"en":{"language":"en","value":"Theatre building in Strasbourg, France, opened in 1892"},"nl":{"language":"nl","value":"paleis in Straatsburg, Frankrijk"}},"aliases":{"en":[{"language":"en","value":"National Theatre of Strasbourg"}]},"claims":{"P15":[{"mainsnak":{"snaktype":"value","property":"P15","datavalue":{"value":"1639","type":"string"},"datatype":"external-id"},"type":"statement","id":"Q8879$41E57582-CD6A-4DF8-8B83-2E6D6C9DCE65","rank":"normal"}],"P20":[{"mainsnak":{"snaktype":"value","property":"P20","datavalue":{"value":{"entity-type":"item","numeric-id":504,"id":"Q504"},"type":"wikibase-entityid"},"datatype":"wikibase-item"},"type":"statement","id":"Q8879$22A2EBEB-1B99-47E3-BBD9-6BBCAB47BCFB","rank":"normal"}],"P11":[{"mainsnak":{"snaktype":"value","property":"P11","datavalue":{"value":{"entity-type":"item","numeric-id":33,"id":"Q33"},"type":"wikibase-entityid"},"datatype":"wikibase-item"},"type":"statement","id":"Q8879$BC726443-C35D-4684-A0F6-D61A4660EDA4","rank":"normal"}],"P19":[{"mainsnak":{"snaktype":"value","property":"P19","datavalue":{"value":{"entity-type":"item","numeric-id":35,"id":"Q35"},"type":"wikibase-entityid"},"datatype":"wikibase-item"},"type":"statement","id":"Q8879$4CB7D504-C7ED-4A66-B901-950A1D919516","rank":"normal"}],"P29":[{"mainsnak":{"snaktype":"value","property":"P29","datavalue":{"value":{"entity-type":"item","numeric-id":510,"id":"Q510"},"type":"wikibase-entityid"},"datatype":"wikibase-item"},"type":"statement","id":"Q8879$15CB7093-0DCF-44D8-BC45-72855EAD8F4E","rank":"normal"}],"P68":[{"mainsnak":{"snaktype":"value","property":"P68","datavalue":{"value":{"entity-type":"item","numeric-id":5729,"id":"Q5729"},"type":"wikibase-entityid"},"datatype":"wikibase-item"},"type":"statement","id":"Q8879$AA29EE80-98D4-484D-9D80-020127465D1E","rank":"normal"}],"P21":[{"mainsnak":{"snaktype":"value","property":"P21","datavalue":{"value":{"latitude":48.5862,"longitude":7.75527,"altitude":null,"precision":1.0e-6,"globe":"http://www.wikidata.org/entity/Q2"},"type":"globecoordinate"},"datatype":"globe-coordinate"},"type":"statement","id":"Q8879$204A9FE6-2146-4DA4-AD67-FBC74DCE35C3","rank":"normal"}],"P16":[{"mainsnak":{"snaktype":"value","property":"P16","datavalue":{"value":"Q15952909","type":"string"},"datatype":"external-id"},"type":"statement","id":"Q8879$ECCF6472-701D-413E-BBE0-B67A7361924B","rank":"normal"}],"P102":[{"mainsnak":{"snaktype":"value","property":"P102","datavalue":{"value":{"time":"+1957-01-01T00:00:00Z","timezone":0,"before":0,"after":0,"precision":9,"calendarmodel":"http://www.wikidata.org/entity/Q1985727"},"type":"time"},"datatype":"time"},"type":"statement","id":"Q8879$0373E170-D1F7-4786-AA23-E5BDC7E512CE","rank":"normal"}],"P101":[{"mainsnak":{"snaktype":"value","property":"P101","datavalue":{"value":{"time":"+1892-01-01T00:00:00Z","timezone":0,"before":0,"after":0,"precision":9,"calendarmodel":"http://www.wikidata.org/entity/Q1985727"},"type":"time"},"datatype":"time"},"type":"statement","id":"Q8879$7A0AF8EF-E0FC-4F37-BB1F-D20FA5AC8030","rank":"normal"}],"P2":[{"mainsnak":{"snaktype":"value","property":"P2","datavalue":{"value":"Strasbourg 7 place de la R\u00e9publique ancien Landesausschuss.jpg","type":"string"},"datatype":"commonsMedia"},"type":"statement","id":"Q8879$F3AEAD94-FE94-45F4-8F17-9616D1FF36DA","rank":"normal"},{"mainsnak":{"snaktype":"value","property":"P2","datavalue":{"value":"Ehemaliges Landesausschuss-Geb\u00e4ude in Stra\u00dfburg, 1888 und 1892 nach Entw\u00fcrfen der Architekten Skjold Neckelmann und August Hartel, Grundriss Erdgeschoss, Tafel 91, Kick Jahrgang I.JPG","type":"string"},"datatype":"commonsMedia"},"type":"statement","id":"Q8879$d2c0180a-4c27-9386-3fb6-42dce1e3d35b","rank":"normal"},{"mainsnak":{"snaktype":"value","property":"P2","datavalue":{"value":"Ehemaliges Landesausschuss-Geb\u00e4ude in Stra\u00dfburg, 1888 und 1892 nach Entw\u00fcrfen der Architekten Skjold Neckelmann und August Hartel, Grundriss Obergeschoss, Tafel 91, Kick Jahrgang I.JPG","type":"string"},"datatype":"commonsMedia"},"type":"statement","id":"Q8879$19b56714-4cf0-e9ad-6064-1084ecfc823f","rank":"normal"}],"P184":[{"mainsnak":{"snaktype":"value","property":"P184","datavalue":{"value":{"entity-type":"item","numeric-id":20196,"id":"Q20196"},"type":"wikibase-entityid"},"datatype":"wikibase-item"},"type":"statement","id":"Q8879$292896C1-DA17-4714-ACCC-02332A0112EE","rank":"normal"}],"P48":[{"mainsnak":{"snaktype":"value","property":"P48","datavalue":{"value":{"entity-type":"item","numeric-id":20375,"id":"Q20375"},"type":"wikibase-entityid"},"datatype":"wikibase-item"},"type":"statement","id":"Q8879$274F71CB-5B12-470A-91D6-9FA0C924B5D6","rank":"normal"},{"mainsnak":{"snaktype":"value","property":"P48","datavalue":{"value":{"entity-type":"item","numeric-id":21643,"id":"Q21643"},"type":"wikibase-entityid"},"datatype":"wikibase-item"},"type":"statement","id":"Q8879$E63D89AB-237D-4855-B5FE-4B031F4AC132","rank":"normal"}],"P13":[{"mainsnak":{"snaktype":"value","property":"P13","datavalue":{"value":"Q24354","type":"string"},"datatype":"external-id"},"type":"statement","id":"Q8879$1AC20C3F-88C3-4DEC-B177-73C546688F0D","rank":"normal"},{"mainsnak":{"snaktype":"value","property":"P13","datavalue":{"value":"Q7138926","type":"string"},"datatype":"external-id"},"type":"statement","id":"Q8879$487B0EED-A356-4837-9A08-1CF086AD3004","rank":"normal"}],"P264":[{"mainsnak":{"snaktype":"value","property":"P264","datavalue":{"value":"1415","type":"string"},"datatype":"external-id"},"type":"statement","id":"Q8879$D054081B-4FA2-461E-B129-44F195844327","rank":"normal"}],"P233":[{"mainsnak":{"snaktype":"value","property":"P233","datavalue":{"value":{"entity-type":"item","numeric-id":25455,"id":"Q25455"},"type":"wikibase-entityid"},"datatype":"wikibase-item"},"type":"statement","id":"Q8879$957FE4E4-2D0D-4A4D-9506-881383E093EA","rank":"normal"},{"mainsnak":{"snaktype":"value","property":"P233","datavalue":{"value":{"entity-type":"item","numeric-id":25456,"id":"Q25456"},"type":"wikibase-entityid"},"datatype":"wikibase-item"},"type":"statement","id":"Q8879$BBB80044-88C5-4D1F-B4F1-879C61FB6700","rank":"normal"}],"P44":[{"mainsnak":{"snaktype":"value","property":"P44","datavalue":{"value":{"text":"Built 1888-1892 as Landesausschuss (regional delegation) by Hartel and Neckelmann. 1911-1918 used as parliament of the Alsace-Lorraine region . From 1918, used by the local conservatory. Parliament hall converted into a concert hall and renamed Salle Hector Berlioz. Concert hall destroyed by bombs on 25 September 1944. Rebuilt from 1952 as Ecole d'Art dramatique du Centre dramatique de l'Est. 1968 renamed Th\u00e9atre national de Strasbourg. 1995-1997 renovations by Dainel Rubin. Re-opened 18 October 1997. The complex contains two halls: Salle Bernard-Marie Kolt\u00e8s (450-600 seats) and Salle Hubert Gignoux (200 seats).","language":"en"},"type":"monolingualtext"},"datatype":"monolingualtext"},"type":"statement","qualifiers":{"P63":[{"snaktype":"value","property":"P63","hash":"dd97292b4e753fed02d7caf20bff823cb8a9706e","datavalue":{"value":{"entity-type":"item","numeric-id":495,"id":"Q495"},"type":"wikibase-entityid"},"datatype":"wikibase-item"}]},"qualifiers-order":["P63"],"id":"Q8879$B8E1F6EF-E659-4D27-AD89-D86C0F0DD7BB","rank":"normal"}]},"sitelinks":[]}}}

Strasbourg 7 place de la République ancien Landesausschuss.jpg

Ehemaliges Landesausschuss-Gebäude in Straßburg, 1888 und 1892 nach Entwürfen der Architekten Skjold Neckelmann und August Hartel, Grundriss Erdgeschoss, Tafel 91, Kick Jahrgang I.JPG

Ehemaliges Landesausschuss-Gebäude in Straßburg, 1888 und 1892 nach Entwürfen der Architekten Skjold Neckelmann und August Hartel, Grundriss Obergeschoss, Tafel 91, Kick Jahrgang I.JPG

Built 1888-1892 as Landesausschuss (regional delegation) by Hartel and Neckelmann. 1911-1918 used as parliament of the Alsace-Lorraine region . From 1918, used by the local conservatory. Parliament hall converted into a concert hall and renamed Salle Hector Berlioz. Concert hall destroyed by bombs on 25 September 1944. Rebuilt from 1952 as Ecole d'Art dramatique du Centre dramatique de l'Est. 1968 renamed Théatre national de Strasbourg. 1995-1997 renovations by Dainel Rubin. Re-opened 18 October 1997. The complex contains two halls: Salle Bernard-Marie Koltès (450-600 seats) and Salle Hubert Gignoux (200 seats).
