{"entities":{"Q4234":{"pageid":4133,"ns":120,"title":"Item:Q4234","lastrevid":186764,"modified":"2022-05-12T08:01:55Z","type":"item","id":"Q4234","labels":{"en":{"language":"en","value":"bob"},"de":{"language":"de","value":"Bob"},"it":{"language":"it","value":"caschetto"},"nl":{"language":"nl","value":"bob"},"cs":{"language":"cs","value":"mik\u00e1do"},"sv":{"language":"sv","value":"pagefrisyr"},"es":{"language":"es","value":"corte de paje"}},"descriptions":{"en":{"language":"en","value":"A hairstyle which is cut straight across the forehead, and then evenly to about neck or jaw-length around the side and back of the head."},"cs":{"language":"cs","value":"Krat\u0161\u00ed d\u00e1msk\u00fd \u00fa\u010des. Vlasy jsou kra\u0161\u00ed v zadu a del\u0161\u00ed kolem u\u0161\u00ed."},"sv":{"language":"sv","value":"En kvinnlig frisyr som klipps fr\u00e5n kort inacken till kindl\u00e4ngd fram i en rak linje fr\u00e5n nacke till kind."},"es":{"language":"es","value":"Un corte de pelo que se corta recto sobre la frente y de manera uniforme en los laterales y la parte posterior de la cabeza con una longitud hasta cerca del cuello o de la mand\u00edbula ."},"de":{"language":"de","value":"Frisur die \u00fcber der Stirn und im Nacken kurz und gerade geschnitten ist und an der Kopfseite kieferlang"},"it":{"language":"it","value":"Taglio di capelli con frangia pareggiati intorno alla testa all'altezza del collo o della mascella."},"nl":{"language":"nl","value":"kort geknipt, zowel op het voorhoofd als in de hals, kinlengte"}},"aliases":{"nl":[{"language":"nl","value":"pagekop"}]},"claims":{"P144":[{"mainsnak":{"snaktype":"value","property":"P144","datavalue":{"value":"141943","type":"string"},"datatype":"string"},"type":"statement","id":"Q4234$985E5B4D-4EEF-451A-85DA-1D1745BE8223","rank":"normal"}],"P145":[{"mainsnak":{"snaktype":"value","property":"P145","datavalue":{"value":"added 38","type":"string"},"datatype":"string"},"type":"statement","id":"Q4234$A0B5647A-FC38-4A0C-9DE0-18D22BA54ECE","rank":"normal"}],"P148":[{"mainsnak":{"snaktype":"value","property":"P148","datavalue":{"value":{"entity-type":"item","numeric-id":2616,"id":"Q2616"},"type":"wikibase-entityid"},"datatype":"wikibase-item"},"type":"statement","id":"Q4234$CEF0CD10-2EF6-41B1-940C-52F1BF2CDAD8","rank":"normal"}],"P146":[{"mainsnak":{"snaktype":"value","property":"P146","datavalue":{"value":{"time":"+2013-08-03T00:00:00Z","timezone":0,"before":0,"after":0,"precision":11,"calendarmodel":"http://www.wikidata.org/entity/Q1985727"},"type":"time"},"datatype":"time"},"type":"statement","id":"Q4234$B8991999-87D1-4EE8-932B-8BD13AAF562D","rank":"normal"}],"P147":[{"mainsnak":{"snaktype":"value","property":"P147","datavalue":{"value":"10","type":"string"},"datatype":"string"},"type":"statement","id":"Q4234$1E4569B7-DC38-44C8-AF8C-5B2BD62F8714","rank":"normal"}],"P19":[{"mainsnak":{"snaktype":"value","property":"P19","datavalue":{"value":{"entity-type":"item","numeric-id":195,"id":"Q195"},"type":"wikibase-entityid"},"datatype":"wikibase-item"},"type":"statement","id":"Q4234$754B0172-E06B-4A40-891C-F54341B6AC93","rank":"normal"}],"P11":[{"mainsnak":{"snaktype":"value","property":"P11","datavalue":{"value":{"entity-type":"item","numeric-id":714,"id":"Q714"},"type":"wikibase-entityid"},"datatype":"wikibase-item"},"type":"statement","qualifiers":{"P129":[{"snaktype":"value","property":"P129","hash":"3227cba73537dcf7f31c598a4c767d70d6ca1f3d","datavalue":{"value":{"entity-type":"item","numeric-id":717,"id":"Q717"},"type":"wikibase-entityid"},"datatype":"wikibase-item"}]},"qualifiers-order":["P129"],"id":"Q4234$DAA336ED-10E9-4FB5-832A-7EA6F5602112","rank":"normal"}],"P170":[{"mainsnak":{"snaktype":"value","property":"P170","datavalue":{"value":{"text":"bob","language":"en"},"type":"monolingualtext"},"datatype":"monolingualtext"},"type":"statement","qualifiers":{"P171":[{"snaktype":"value","property":"P171","hash":"cfeadfed5282c0b7c4785726804a978e6fe08664","datavalue":{"value":{"text":"A hairstyle which is cut straight across the forehead, and then evenly to about neck or jaw-length around the side and back of the head.","language":"en"},"type":"monolingualtext"},"datatype":"monolingualtext"}],"P63":[{"snaktype":"value","property":"P63","hash":"5b2fba962ea14cade59c6f1e5106d40e912619b4","datavalue":{"value":{"entity-type":"item","numeric-id":20190,"id":"Q20190"},"type":"wikibase-entityid"},"datatype":"wikibase-item"}],"P40":[{"snaktype":"value","property":"P40","hash":"cbfe1ddab1c0f3162c00364b0c87e317a6faaabd","datavalue":{"value":{"time":"+2013-08-03T00:00:00Z","timezone":0,"before":0,"after":0,"precision":11,"calendarmodel":"http://www.wikidata.org/entity/Q1985727"},"type":"time"},"datatype":"time"}]},"qualifiers-order":["P171","P63","P40"],"id":"Q4234$911B14F8-C3A1-48AB-B6DA-AA983103F1DC","rank":"normal"},{"mainsnak":{"snaktype":"value","property":"P170","datavalue":{"value":{"text":"mik\u00e1do","language":"cs"},"type":"monolingualtext"},"datatype":"monolingualtext"},"type":"statement","qualifiers":{"P171":[{"snaktype":"value","property":"P171","hash":"65a0daf0916850e97565df9113d406cbc071c49a","datavalue":{"value":{"text":"Krat\u0161\u00ed d\u00e1msk\u00fd \u00fa\u010des. Vlasy jsou kra\u0161\u00ed v zadu a del\u0161\u00ed kolem u\u0161\u00ed.","language":"cs"},"type":"monolingualtext"},"datatype":"monolingualtext"}],"P63":[{"snaktype":"value","property":"P63","hash":"5b2fba962ea14cade59c6f1e5106d40e912619b4","datavalue":{"value":{"entity-type":"item","numeric-id":20190,"id":"Q20190"},"type":"wikibase-entityid"},"datatype":"wikibase-item"}],"P40":[{"snaktype":"value","property":"P40","hash":"cbfe1ddab1c0f3162c00364b0c87e317a6faaabd","datavalue":{"value":{"time":"+2013-08-03T00:00:00Z","timezone":0,"before":0,"after":0,"precision":11,"calendarmodel":"http://www.wikidata.org/entity/Q1985727"},"type":"time"},"datatype":"time"}]},"qualifiers-order":["P171","P63","P40"],"id":"Q4234$4124039B-2DC6-40C0-8128-272EEA2EB2A2","rank":"normal"},{"mainsnak":{"snaktype":"value","property":"P170","datavalue":{"value":{"text":"caschetto","language":"it"},"type":"monolingualtext"},"datatype":"monolingualtext"},"type":"statement","qualifiers":{"P171":[{"snaktype":"value","property":"P171","hash":"95f61b2b0a89be60ce573044efa0cdb84d465488","datavalue":{"value":{"text":"Taglio di capelli con frangia pareggiati intorno alla testa all'altezza del collo o della mascella.","language":"it"},"type":"monolingualtext"},"datatype":"monolingualtext"}],"P63":[{"snaktype":"value","property":"P63","hash":"5b2fba962ea14cade59c6f1e5106d40e912619b4","datavalue":{"value":{"entity-type":"item","numeric-id":20190,"id":"Q20190"},"type":"wikibase-entityid"},"datatype":"wikibase-item"}],"P40":[{"snaktype":"value","property":"P40","hash":"cbfe1ddab1c0f3162c00364b0c87e317a6faaabd","datavalue":{"value":{"time":"+2013-08-03T00:00:00Z","timezone":0,"before":0,"after":0,"precision":11,"calendarmodel":"http://www.wikidata.org/entity/Q1985727"},"type":"time"},"datatype":"time"}]},"qualifiers-order":["P171","P63","P40"],"id":"Q4234$09A8299D-4C7C-4D26-9B71-9BED6F019E35","rank":"normal"},{"mainsnak":{"snaktype":"value","property":"P170","datavalue":{"value":{"text":"bob","language":"nl"},"type":"monolingualtext"},"datatype":"monolingualtext"},"type":"statement","qualifiers":{"P171":[{"snaktype":"value","property":"P171","hash":"6b8934d44fc0b52a06ca28c836d9a4c26e935c8a","datavalue":{"value":{"text":"kort geknipt, zowel op het voorhoofd als in de hals, kinlengte","language":"nl"},"type":"monolingualtext"},"datatype":"monolingualtext"}],"P63":[{"snaktype":"value","property":"P63","hash":"5b2fba962ea14cade59c6f1e5106d40e912619b4","datavalue":{"value":{"entity-type":"item","numeric-id":20190,"id":"Q20190"},"type":"wikibase-entityid"},"datatype":"wikibase-item"}],"P40":[{"snaktype":"value","property":"P40","hash":"cbfe1ddab1c0f3162c00364b0c87e317a6faaabd","datavalue":{"value":{"time":"+2013-08-03T00:00:00Z","timezone":0,"before":0,"after":0,"precision":11,"calendarmodel":"http://www.wikidata.org/entity/Q1985727"},"type":"time"},"datatype":"time"}],"P179":[{"snaktype":"value","property":"P179","hash":"080df7fc3de896bcd1cd1a95c0bf94289540e197","datavalue":{"value":{"text":"pagekop","language":"nl"},"type":"monolingualtext"},"datatype":"monolingualtext"}]},"qualifiers-order":["P171","P63","P40","P179"],"id":"Q4234$62E1C217-CEFA-40B2-8E58-B09ED1457BAB","rank":"normal"},{"mainsnak":{"snaktype":"value","property":"P170","datavalue":{"value":{"text":"Bob","language":"de"},"type":"monolingualtext"},"datatype":"monolingualtext"},"type":"statement","qualifiers":{"P171":[{"snaktype":"value","property":"P171","hash":"4e3de3dee00b26dd1315bb60a8835835846e7675","datavalue":{"value":{"text":"Frisur die \u00fcber der Stirn und im Nacken kurz und gerade geschnitten ist und an der Kopfseite kieferlang","language":"de"},"type":"monolingualtext"},"datatype":"monolingualtext"}],"P63":[{"snaktype":"value","property":"P63","hash":"5b2fba962ea14cade59c6f1e5106d40e912619b4","datavalue":{"value":{"entity-type":"item","numeric-id":20190,"id":"Q20190"},"type":"wikibase-entityid"},"datatype":"wikibase-item"}],"P40":[{"snaktype":"value","property":"P40","hash":"cbfe1ddab1c0f3162c00364b0c87e317a6faaabd","datavalue":{"value":{"time":"+2013-08-03T00:00:00Z","timezone":0,"before":0,"after":0,"precision":11,"calendarmodel":"http://www.wikidata.org/entity/Q1985727"},"type":"time"},"datatype":"time"}]},"qualifiers-order":["P171","P63","P40"],"id":"Q4234$4ED932C2-9D92-4CDA-A8A6-DEEFA9E207DE","rank":"normal"},{"mainsnak":{"snaktype":"value","property":"P170","datavalue":{"value":{"text":"corte de paje","language":"es"},"type":"monolingualtext"},"datatype":"monolingualtext"},"type":"statement","qualifiers":{"P171":[{"snaktype":"value","property":"P171","hash":"66a663c80a21c4abf00200efc6420c0120b935c5","datavalue":{"value":{"text":"Un corte de pelo que se corta recto sobre la frente y de manera uniforme en los laterales y la parte posterior de la cabeza con una longitud hasta cerca del cuello o de la mand\u00edbula .","language":"es"},"type":"monolingualtext"},"datatype":"monolingualtext"}],"P63":[{"snaktype":"value","property":"P63","hash":"5b2fba962ea14cade59c6f1e5106d40e912619b4","datavalue":{"value":{"entity-type":"item","numeric-id":20190,"id":"Q20190"},"type":"wikibase-entityid"},"datatype":"wikibase-item"}],"P40":[{"snaktype":"value","property":"P40","hash":"cbfe1ddab1c0f3162c00364b0c87e317a6faaabd","datavalue":{"value":{"time":"+2013-08-03T00:00:00Z","timezone":0,"before":0,"after":0,"precision":11,"calendarmodel":"http://www.wikidata.org/entity/Q1985727"},"type":"time"},"datatype":"time"}]},"qualifiers-order":["P171","P63","P40"],"id":"Q4234$1A3406DB-BE10-498E-B96D-2B9287DC45E5","rank":"normal"},{"mainsnak":{"snaktype":"value","property":"P170","datavalue":{"value":{"text":"pagefrisyr","language":"sv"},"type":"monolingualtext"},"datatype":"monolingualtext"},"type":"statement","qualifiers":{"P171":[{"snaktype":"value","property":"P171","hash":"43ebedf753100a996f5b875b3942512401e8d210","datavalue":{"value":{"text":"En kvinnlig frisyr som klipps fr\u00e5n kort inacken till kindl\u00e4ngd fram i en rak linje fr\u00e5n nacke till kind.","language":"sv"},"type":"monolingualtext"},"datatype":"monolingualtext"}],"P63":[{"snaktype":"value","property":"P63","hash":"5b2fba962ea14cade59c6f1e5106d40e912619b4","datavalue":{"value":{"entity-type":"item","numeric-id":20190,"id":"Q20190"},"type":"wikibase-entityid"},"datatype":"wikibase-item"}],"P40":[{"snaktype":"value","property":"P40","hash":"cbfe1ddab1c0f3162c00364b0c87e317a6faaabd","datavalue":{"value":{"time":"+2013-08-03T00:00:00Z","timezone":0,"before":0,"after":0,"precision":11,"calendarmodel":"http://www.wikidata.org/entity/Q1985727"},"type":"time"},"datatype":"time"}]},"qualifiers-order":["P171","P63","P40"],"id":"Q4234$70E39B20-EC74-4A7F-9CC1-B2F32AE20FA1","rank":"normal"}]},"sitelinks":[]}}}

mikádo

Kratší dámský účes. Vlasy jsou kraší v zadu a delší kolem uší.

En kvinnlig frisyr som klipps från kort inacken till kindlängd fram i en rak linje från nacke till kind.

Un corte de pelo que se corta recto sobre la frente y de manera uniforme en los laterales y la parte posterior de la cabeza con una longitud hasta cerca del cuello o de la mandíbula .

Frisur die über der Stirn und im Nacken kurz und gerade geschnitten ist und an der Kopfseite kieferlang
